?
-101122
In base 11, what is 4 + -56?
-52
In base 12, what is 1226 - -3?
1229
In base 4, what is 22211 + -11?
22200
In base 13, what is -23 + -595?
-5b8
In base 7, what is -1 - -251?
250
In base 15, what is 3 + -1a?
-17
In base 10, what is 2 + 1046?
1048
In base 10, what is 257 - -2?
259
In base 15, what is -5 + 88?
83
In base 12, what is 5 + 30?
35
In base 9, what is 23 - 20?
3
In base 2, what is -101001001 - -101?
-101000100
In base 15, what is 0 - -e4?
e4
In base 9, what is -432 - 3?
-435
In base 7, what is -2 - -43?
41
In base 16, what is 11 + -1e?
-d
In base 5, what is -13220 - -3?
-13212
In base 13, what is 0 - 21b5?
-21b5
In base 5, what is 0 + 1102?
1102
In base 13, what is -5 - -23?
1b
In base 5, what is -4 - -12041?
12032
In base 3, what is -2002 - 20?
-2022
In base 12, what is 1 + -62?
-61
In base 15, what is -20 + -3?
-23
In base 10, what is 6 - -4?
10
In base 10, what is 8 - -150?
158
In base 16, what is -4 - a5?
-a9
In base 4, what is 30 + -232?
-202
In base 9, what is -15 - 2?
-17
In base 9, what is 2 + -4?
-2
In base 5, what is -13022 + -3?
-13030
In base 10, what is 98 - -21?
119
In base 7, what is 53 - -3?
56
In base 6, what is -10 + 524?
514
In base 12, what is 54 + 3?
57
In base 2, what is 1001100 - 10?
1001010
In base 6, what is -24 - -2113?
2045
In base 12, what is 6b9 + -2?
6b7
In base 2, what is 1000 + 1000001?
1001001
In base 9, what is -4 - 4735?
-4740
In base 7, what is 34 - 322?
-255
In base 9, what is -2526 + -3?
-2530
In base 11, what is -239 - 11?
-24a
In base 5, what is -1 + -3?
-4
In base 2, what is -101100 - -111001?
1101
In base 16, what is 512 - 1?
511
In base 8, what is 542 - -5?
547
In base 7, what is -4 + 1643?
1636
In base 4, what is 23302 - -1?
23303
In base 11, what is 106 + 4?
10a
In base 8, what is 4 + -172?
-166
In base 8, what is 4 - -456?
462
In base 9, what is 161 + -21?
140
In base 7, what is 1 + 352?
353
In base 12, what is 2b + -2a?
1
In base 6, what is -142 + -25?
-211
In base 8, what is -535 - -20?
-515
In base 7, what is 435 - -4?
442
In base 6, what is 320 - -2?
322
In base 2, what is 1010010 - 1001?
1001001
In base 5, what is 203 - -1?
204
In base 5, what is 111 - -20?
131
In base 7, what is -2041 + -43?
-2114
In base 2, what is 10 + 100011?
100101
In base 5, what is 11 - -444?
1010
In base 9, what is 67 - -48?
126
In base 15, what is 33 + -13?
20
In base 14, what is -181b - 1?
-181c
In base 2, what is 101 - -101?
1010
In base 11, what is -2 + -73a?
-741
In base 15, what is 3 - 13d?
-13a
In base 8, what is 6 - -3315?
3323
In base 2, what is -111011 - -1000111?
1100
In base 11, what is -3 + 25?
22
In base 6, what is -510 - -5?
-501
In base 7, what is -1616 + 1?
-1615
In base 15, what is -5 + -29a6?
-29ab
In base 11, what is 32 - 174?
-142
In base 7, what is 1216 - 4?
1212
In base 9, what is -2 + -245?
-247
In base 5, what is 4 + -3223?
-3214
In base 3, what is 1202 - -110?
2012
In base 8, what is 105 - -45?
152
In base 4, what is 2003 - 10?
1333
In base 13, what is -1 + 14?
13
In base 13, what is 3666 + -3?
3663
In base 7, what is 63542 - 4?
63535
In base 10, what is -3 - -2648?
2645
In base 15, what is b8d + 3?
b91
In base 13, what is 442 + -1?
441
In base 4, what is -10 + -310?
-320
In base 3, what is 11101101 + -2?
11101022
In base 16, what is 4b2 - -3?
4b5
In base 3, what is -12 - -2000210?
2000121
In base 3, what is 0 + 22111?
22111
In base 9, what is 5 + 43?
48
In base 3, what is -11 - 102221?
-110002
In base 14, what is -2 - 53?
-55
In base 15, what is -29 - -5?
-24
In base 10, what is 2 - -66?
68
In base 16, what is 11b - 4?
117
In base 5, what is -10303 - 0?
-10303
In base 7, what is 22 + 0?
22
In base 11, what is 0 - 293?
-293
In base 15, what is -c - 2c?
-39
In base 6, what is 203 - -25?
232
In base 10, what is -750 - -2?
-748
In base 13, what is -21c - 3?
-222
In base 12, what is 2a - -9?
37
In base 8, what is -50 + 11?
-37
In base 11, what is -4 + 2a?
26
In base 5, what is 20 + -141?
-121
In base 8, what is 1 + 20556?
20557
In base 12, what is -13 - -3b?
28
In base 15, what is -2 - -329?
327
In base 10, what is -2 + -1020?
-1022
In base 10, what is 723 + 2?
725
In base 8, what is 1 - 11?
-10
In base 3, what is -2 - 1211010?
-1211012
In base 14, what is -3 - -15b3?
15b0
In base 8, what is 13 + 43?
56
In base 13, what is -27 + 16?
-11
In base 12, what is 98 - -3?
9b
In base 13, what is 6 - 19?
-13
In base 15, what is -814 + -1?
-815
In base 8, what is -2300 + -2?
-2302
In base 4, what is 1101 + 22?
1123
In base 8, what is 135 - -7?
144
In base 2, what is -10100 + 101101111?
101011011
In base 8, what is -2 - -706?
704
In base 8, what is 150 + -5?
143
In base 9, what is 4 + 26?
31
In base 9, what is -1066 + -8?
-1075
In base 16, what is -bf6 + 0?
-bf6
In base 12, what is -1 - 92?
-93
In base 15, what is 5 - 68?
-63
In base 10, what is -67 + -31?
-98
In base 10, what is -2 - -911?
909
In base 2, what is 1000101101 - 100?
1000101001
In base 4, what is 12 - 223?
-211
In base 10, what is 4 + 93?
97
In base 3, what is 10 - -220021?
220101
In base 7, what is -10225 - 1?
-10226
In base 3, what is 11 - 2110?
-2022
In base 8, what is 1 + -101?
-100
In base 16, what is 3 - -2d6?
2d9
In base 2, what is 100000010 - 10?
100000000
In base 10, what is -4 + 10?
6
In base 5, what is -11 + 0?
-11
In base 13, what is -34 - -24?
-10
In base 15, what is 2 - -1a5?
1a7
In base 15, what is -6 + 20?
19
In base 3, what is 1012202 + 11?
1012220
In base 10, what is -46 - -5?
-41
In base 12, what is -a6aa - -3?
-a6a7
In base 15, what is 5 + 0?
5
In base 8, what is -176 + 11?
-165
In base 14, what is 4 + 1a4?
1a8
In base 11, what is -99 + -20?
-109
In base 3, what is 21000111 - 0?
21000111
In base 5, what is -113 + -1?
-114
In base 7, what is 20 - 1010?
-660
In base 8, what is -4 + -471?
-475
In base 13, what is 53c + -2?
53a
In base 16, what is -4a + -4?
-4e
In base 3, what is -2210 + -2202?
-12112
In base 5, what is 1202 - 0?
1202
In base 16, what is -9a0 - 3?
-9a3
In base 2, what is 10110111000101 + 100?
10110111001001
In base 16, what is 0 + -96?
-96
In base 15, what is 2 + 31?
33
In base 15, what is -1 + -95?
-96
In base 3, what is -2 + -201?
-210
In base 12, what is -7 - 0?
-7
In base 15, what is 4 - -c2?
c6
In base 12, what is 18 - 44?
-28
In base 12, what is 0 - 7b3?
-7b3
In base 10, what is 3 - 135?
-132
In base 5, what is -4 - -42102?
42043
In base 16, what is -1c3a - -2?
-1c38
In base 5, what is -3322 + -14?
-3341
In base 13, what is -105 - 5?
-10a
In base 12, what is 1 + -258?
-257
In base 7, what is 33 + 123?
156
In base 12, what is -59 + b8?
5b
In base 6, what is 0 - 30?
-30
In base 3, what is 10 - -1001100?
1001110
In base 14, what is 1643 - -5?
1648
In base 13, what is 4 - -18?
1c
In base 15, what is -2d2 - 0?
-2d2
In base 13, what is -3c2 + 5?
-3ba
In base 6, what is 24 - -4?
32
In base 6, what is -442 - -10?
-432
In base 6, what is 2 - -125?
131
In base 2, what is 11010011 - 1000001?
10010010
In base 11, what is 16 - -297?
302
In base 16, what is 5 - -394?
399
In base 10, what is -108 - 3?
-111
In base 9, what is -168 + 4?
-164
In base 4, what is 13322 - -3?
13331
In base 9, what is 1344 + -1?
1343
In base 11, what is 16 - 11?
5
In base 9, what is -5 + 526?
521
In base 10, what is 4 - 243?
-239
In base 8, what is 10 + 6650?
6660
In base 14, what is -19 - 0?
-19
In base 9, what is -2 - 66?
-68
In base 3, what is 11101212 + 0?
11101212
In base 11, what is 565 + 11?
576
In base 11, what is 1 - 44?
-43
In base 16, what is -15 + -e?
-23
In base 3, what is 12012 + 1?
12020
In base 5, what is -1103 + 11?
-1042
In base 9, what is -263 - -5?
-257
In base 5, what is 14 + 40221?
40240
In base 12, what is -33 - b?
-42
In base 11, what is 4 - -44?
48
In base 4, what is 1 - -1?
2
In base 14, what is -5 - c21?
-c26
In base 3, what is 10001 - 2?
2222
In base 12, what is -4 - 3684?
-3688
In base 14, what is 0 - -130?
130
In base 8, what is 5 - 65?
-60
In base 10, what is -33 + -11?
-44
In base 11, what is 7a - -3?
82
In base 11, what is 15a + -1?
159
In base 16, what is 2 - 901?
-8ff
In base 16, what is 1bc - 1e?
19e
In base 11, what is -239 - 3?
-241
In base 4, what is -21 + -233?
-320
In base 8, what is -4 + -33?
-37
In base 13, what is 119 - 1a?
cc
In base 7, what is 1 + 2243?
2244
In base 9, what is